{"id":373,"date":"2022-03-07T17:11:02","date_gmt":"2022-03-07T17:11:02","guid":{"rendered":"https:\/\/startertemplatecloud.com\/sb01\/?post_type=product&#038;p=373"},"modified":"2025-10-13T20:35:31","modified_gmt":"2025-10-13T20:35:31","slug":"ramo-de-rosas-rojas","status":"publish","type":"product","link":"https:\/\/tallerfloral.com.co\/?product=ramo-de-rosas-rojas","title":{"rendered":"ramo de 24 rosas hermosas"},"content":{"rendered":"<p>Embri\u00e1gate de romance con nuestro deslumbrante ramo de 24 rosas rojas. Cada p\u00e9talo es un testamento apasionado, cuidadosamente seleccionado para expresar el amor en su forma m\u00e1s pura. Este majestuoso ramo es m\u00e1s que un regalo; es una declaraci\u00f3n de afecto, una sinfon\u00eda floral que habla el lenguaje del coraz\u00f3n. Celebra momentos especiales con la intensidad y elegancia de nuestras 24 rosas rojas, un regalo que perdura en la memoria y florece con emociones duraderas<\/p>\n<p><iframe style=\"display: none;\"><\/iframe><\/p>\n<p><iframe style=\"display: none;\"><\/iframe><\/p>\n","protected":false},"excerpt":{"rendered":"<p>Embri\u00e1gate de romance con nuestro deslumbrante ramo de 24 rosas rojas. Cada p\u00e9talo es un testamento apasionado, cuidadosamente seleccionado para expresar el amor en su forma m\u00e1s pura. Este majestuoso ramo es m\u00e1s que un regalo; es una declaraci\u00f3n de afecto, una sinfon\u00eda floral que habla el lenguaje del coraz\u00f3n. Celebra momentos especiales con la intensidad y elegancia de nuestras 24 rosas rojas, un regalo que perdura en la memoria y florece con emociones duraderas<\/p>\n","protected":false},"featured_media":1084,"comment_status":"open","ping_status":"closed","template":"","meta":[],"product_brand":[],"product_cat":[17],"product_tag":[],"class_list":{"0":"post-373","1":"product","2":"type-product","3":"status-publish","4":"has-post-thumbnail","6":"product_cat-ramos-de-flores","8":"first","9":"instock","10":"sale","11":"taxable","12":"shipping-taxable","13":"purchasable","14":"product-type-simple"},"yoast_head":"<!-- This site is optimized with the Yoast SEO plugin v27.4 - https:\/\/yoast.com\/product\/yoast-seo-wordpress\/ -->\n<title>ramo de 24 rosas hermosas - Taller floral<\/title>\n<meta name=\"description\" content=\"Embri\u00e1gate de romance con nuestro deslumbrante ramo de 24 rosas rojas. Cada p\u00e9talo es un testamento apasionado, cuidadosamente seleccionado para expresar el amor en su forma m\u00e1s pura. Este majestuoso ramo es m\u00e1s que un regalo; es una declaraci\u00f3n de afecto, una sinfon\u00eda floral que habla el lenguaje del coraz\u00f3n. Celebra momentos especiales con la intensidad y elegancia de nuestras 24 rosas rojas, un regalo que perdura en la memoria y florece con emociones duraderas\" \/>\n<meta name=\"robots\" content=\"index, follow, max-snippet:-1, max-image-preview:large, max-video-preview:-1\" \/>\n<link rel=\"canonical\" href=\"https:\/\/tallerfloral.com.co\/?product=ramo-de-rosas-rojas\" \/>\n<meta property=\"og:locale\" content=\"es_ES\" \/>\n<meta property=\"og:type\" content=\"article\" \/>\n<meta property=\"og:title\" content=\"ramo de 24 rosas hermosas - Taller floral\" \/>\n<meta property=\"og:description\" content=\"Embri\u00e1gate de romance con nuestro deslumbrante ramo de 24 rosas rojas. Cada p\u00e9talo es un testamento apasionado, cuidadosamente seleccionado para expresar el amor en su forma m\u00e1s pura. Este majestuoso ramo es m\u00e1s que un regalo; es una declaraci\u00f3n de afecto, una sinfon\u00eda floral que habla el lenguaje del coraz\u00f3n. Celebra momentos especiales con la intensidad y elegancia de nuestras 24 rosas rojas, un regalo que perdura en la memoria y florece con emociones duraderas\" \/>\n<meta property=\"og:url\" content=\"https:\/\/tallerfloral.com.co\/?product=ramo-de-rosas-rojas\" \/>\n<meta property=\"og:site_name\" content=\"Taller floral\" \/>\n<meta property=\"article:modified_time\" content=\"2025-10-13T20:35:31+00:00\" \/>\n<meta property=\"og:image\" content=\"https:\/\/tallerfloral.com.co\/wp-content\/uploads\/2022\/03\/WhatsApp-Image-2024-01-12-at-11.31.33-AM-1.jpeg\" \/>\n\t<meta property=\"og:image:width\" content=\"602\" \/>\n\t<meta property=\"og:image:height\" content=\"768\" \/>\n\t<meta property=\"og:image:type\" content=\"image\/jpeg\" \/>\n<meta name=\"twitter:card\" content=\"summary_large_image\" \/>\n<meta name=\"twitter:label1\" content=\"Tiempo de lectura\" \/>\n\t<meta name=\"twitter:data1\" content=\"1 minuto\" \/>\n<script type=\"application\/ld+json\" class=\"yoast-schema-graph\">{\"@context\":\"https:\\\/\\\/schema.org\",\"@graph\":[{\"@type\":\"WebPage\",\"@id\":\"https:\\\/\\\/tallerfloral.com.co\\\/?product=ramo-de-rosas-rojas\",\"url\":\"https:\\\/\\\/tallerfloral.com.co\\\/?product=ramo-de-rosas-rojas\",\"name\":\"ramo de 24 rosas hermosas - Taller floral\",\"isPartOf\":{\"@id\":\"https:\\\/\\\/tallerfloral.com.co\\\/#website\"},\"primaryImageOfPage\":{\"@id\":\"https:\\\/\\\/tallerfloral.com.co\\\/?product=ramo-de-rosas-rojas#primaryimage\"},\"image\":{\"@id\":\"https:\\\/\\\/tallerfloral.com.co\\\/?product=ramo-de-rosas-rojas#primaryimage\"},\"thumbnailUrl\":\"https:\\\/\\\/tallerfloral.com.co\\\/wp-content\\\/uploads\\\/2022\\\/03\\\/WhatsApp-Image-2024-01-12-at-11.31.33-AM-1.jpeg\",\"datePublished\":\"2022-03-07T17:11:02+00:00\",\"dateModified\":\"2025-10-13T20:35:31+00:00\",\"description\":\"Embri\u00e1gate de romance con nuestro deslumbrante ramo de 24 rosas rojas. Cada p\u00e9talo es un testamento apasionado, cuidadosamente seleccionado para expresar el amor en su forma m\u00e1s pura. Este majestuoso ramo es m\u00e1s que un regalo; es una declaraci\u00f3n de afecto, una sinfon\u00eda floral que habla el lenguaje del coraz\u00f3n. Celebra momentos especiales con la intensidad y elegancia de nuestras 24 rosas rojas, un regalo que perdura en la memoria y florece con emociones duraderas\",\"breadcrumb\":{\"@id\":\"https:\\\/\\\/tallerfloral.com.co\\\/?product=ramo-de-rosas-rojas#breadcrumb\"},\"inLanguage\":\"es-CO\",\"potentialAction\":[{\"@type\":\"ReadAction\",\"target\":[\"https:\\\/\\\/tallerfloral.com.co\\\/?product=ramo-de-rosas-rojas\"]}]},{\"@type\":\"ImageObject\",\"inLanguage\":\"es-CO\",\"@id\":\"https:\\\/\\\/tallerfloral.com.co\\\/?product=ramo-de-rosas-rojas#primaryimage\",\"url\":\"https:\\\/\\\/tallerfloral.com.co\\\/wp-content\\\/uploads\\\/2022\\\/03\\\/WhatsApp-Image-2024-01-12-at-11.31.33-AM-1.jpeg\",\"contentUrl\":\"https:\\\/\\\/tallerfloral.com.co\\\/wp-content\\\/uploads\\\/2022\\\/03\\\/WhatsApp-Image-2024-01-12-at-11.31.33-AM-1.jpeg\",\"width\":602,\"height\":768},{\"@type\":\"BreadcrumbList\",\"@id\":\"https:\\\/\\\/tallerfloral.com.co\\\/?product=ramo-de-rosas-rojas#breadcrumb\",\"itemListElement\":[{\"@type\":\"ListItem\",\"position\":1,\"name\":\"Inicio\",\"item\":\"https:\\\/\\\/tallerfloral.com.co\\\/\"},{\"@type\":\"ListItem\",\"position\":2,\"name\":\"Shop\",\"item\":\"https:\\\/\\\/tallerfloral.com.co\\\/?page_id=59\"},{\"@type\":\"ListItem\",\"position\":3,\"name\":\"ramo de 24 rosas hermosas\"}]},{\"@type\":\"WebSite\",\"@id\":\"https:\\\/\\\/tallerfloral.com.co\\\/#website\",\"url\":\"https:\\\/\\\/tallerfloral.com.co\\\/\",\"name\":\"Taller floral\",\"description\":\"\",\"publisher\":{\"@id\":\"https:\\\/\\\/tallerfloral.com.co\\\/#organization\"},\"potentialAction\":[{\"@type\":\"SearchAction\",\"target\":{\"@type\":\"EntryPoint\",\"urlTemplate\":\"https:\\\/\\\/tallerfloral.com.co\\\/?s={search_term_string}\"},\"query-input\":{\"@type\":\"PropertyValueSpecification\",\"valueRequired\":true,\"valueName\":\"search_term_string\"}}],\"inLanguage\":\"es-CO\"},{\"@type\":\"Organization\",\"@id\":\"https:\\\/\\\/tallerfloral.com.co\\\/#organization\",\"name\":\"Taller floral\",\"url\":\"https:\\\/\\\/tallerfloral.com.co\\\/\",\"logo\":{\"@type\":\"ImageObject\",\"inLanguage\":\"es-CO\",\"@id\":\"https:\\\/\\\/tallerfloral.com.co\\\/#\\\/schema\\\/logo\\\/image\\\/\",\"url\":\"https:\\\/\\\/tallerfloral.com.co\\\/wp-content\\\/uploads\\\/2024\\\/01\\\/logo-taller-floral.jpeg\",\"contentUrl\":\"https:\\\/\\\/tallerfloral.com.co\\\/wp-content\\\/uploads\\\/2024\\\/01\\\/logo-taller-floral.jpeg\",\"width\":502,\"height\":550,\"caption\":\"Taller floral\"},\"image\":{\"@id\":\"https:\\\/\\\/tallerfloral.com.co\\\/#\\\/schema\\\/logo\\\/image\\\/\"}}]}<\/script>\n<!-- \/ Yoast SEO plugin. -->","yoast_head_json":{"title":"ramo de 24 rosas hermosas - Taller floral","description":"Embri\u00e1gate de romance con nuestro deslumbrante ramo de 24 rosas rojas. Cada p\u00e9talo es un testamento apasionado, cuidadosamente seleccionado para expresar el amor en su forma m\u00e1s pura. Este majestuoso ramo es m\u00e1s que un regalo; es una declaraci\u00f3n de afecto, una sinfon\u00eda floral que habla el lenguaje del coraz\u00f3n. Celebra momentos especiales con la intensidad y elegancia de nuestras 24 rosas rojas, un regalo que perdura en la memoria y florece con emociones duraderas","robots":{"index":"index","follow":"follow","max-snippet":"max-snippet:-1","max-image-preview":"max-image-preview:large","max-video-preview":"max-video-preview:-1"},"canonical":"https:\/\/tallerfloral.com.co\/?product=ramo-de-rosas-rojas","og_locale":"es_ES","og_type":"article","og_title":"ramo de 24 rosas hermosas - Taller floral","og_description":"Embri\u00e1gate de romance con nuestro deslumbrante ramo de 24 rosas rojas. Cada p\u00e9talo es un testamento apasionado, cuidadosamente seleccionado para expresar el amor en su forma m\u00e1s pura. Este majestuoso ramo es m\u00e1s que un regalo; es una declaraci\u00f3n de afecto, una sinfon\u00eda floral que habla el lenguaje del coraz\u00f3n. Celebra momentos especiales con la intensidad y elegancia de nuestras 24 rosas rojas, un regalo que perdura en la memoria y florece con emociones duraderas","og_url":"https:\/\/tallerfloral.com.co\/?product=ramo-de-rosas-rojas","og_site_name":"Taller floral","article_modified_time":"2025-10-13T20:35:31+00:00","og_image":[{"width":602,"height":768,"url":"https:\/\/tallerfloral.com.co\/wp-content\/uploads\/2022\/03\/WhatsApp-Image-2024-01-12-at-11.31.33-AM-1.jpeg","type":"image\/jpeg"}],"twitter_card":"summary_large_image","twitter_misc":{"Tiempo de lectura":"1 minuto"},"schema":{"@context":"https:\/\/schema.org","@graph":[{"@type":"WebPage","@id":"https:\/\/tallerfloral.com.co\/?product=ramo-de-rosas-rojas","url":"https:\/\/tallerfloral.com.co\/?product=ramo-de-rosas-rojas","name":"ramo de 24 rosas hermosas - Taller floral","isPartOf":{"@id":"https:\/\/tallerfloral.com.co\/#website"},"primaryImageOfPage":{"@id":"https:\/\/tallerfloral.com.co\/?product=ramo-de-rosas-rojas#primaryimage"},"image":{"@id":"https:\/\/tallerfloral.com.co\/?product=ramo-de-rosas-rojas#primaryimage"},"thumbnailUrl":"https:\/\/tallerfloral.com.co\/wp-content\/uploads\/2022\/03\/WhatsApp-Image-2024-01-12-at-11.31.33-AM-1.jpeg","datePublished":"2022-03-07T17:11:02+00:00","dateModified":"2025-10-13T20:35:31+00:00","description":"Embri\u00e1gate de romance con nuestro deslumbrante ramo de 24 rosas rojas. Cada p\u00e9talo es un testamento apasionado, cuidadosamente seleccionado para expresar el amor en su forma m\u00e1s pura. Este majestuoso ramo es m\u00e1s que un regalo; es una declaraci\u00f3n de afecto, una sinfon\u00eda floral que habla el lenguaje del coraz\u00f3n. Celebra momentos especiales con la intensidad y elegancia de nuestras 24 rosas rojas, un regalo que perdura en la memoria y florece con emociones duraderas","breadcrumb":{"@id":"https:\/\/tallerfloral.com.co\/?product=ramo-de-rosas-rojas#breadcrumb"},"inLanguage":"es-CO","potentialAction":[{"@type":"ReadAction","target":["https:\/\/tallerfloral.com.co\/?product=ramo-de-rosas-rojas"]}]},{"@type":"ImageObject","inLanguage":"es-CO","@id":"https:\/\/tallerfloral.com.co\/?product=ramo-de-rosas-rojas#primaryimage","url":"https:\/\/tallerfloral.com.co\/wp-content\/uploads\/2022\/03\/WhatsApp-Image-2024-01-12-at-11.31.33-AM-1.jpeg","contentUrl":"https:\/\/tallerfloral.com.co\/wp-content\/uploads\/2022\/03\/WhatsApp-Image-2024-01-12-at-11.31.33-AM-1.jpeg","width":602,"height":768},{"@type":"BreadcrumbList","@id":"https:\/\/tallerfloral.com.co\/?product=ramo-de-rosas-rojas#breadcrumb","itemListElement":[{"@type":"ListItem","position":1,"name":"Inicio","item":"https:\/\/tallerfloral.com.co\/"},{"@type":"ListItem","position":2,"name":"Shop","item":"https:\/\/tallerfloral.com.co\/?page_id=59"},{"@type":"ListItem","position":3,"name":"ramo de 24 rosas hermosas"}]},{"@type":"WebSite","@id":"https:\/\/tallerfloral.com.co\/#website","url":"https:\/\/tallerfloral.com.co\/","name":"Taller floral","description":"","publisher":{"@id":"https:\/\/tallerfloral.com.co\/#organization"},"potentialAction":[{"@type":"SearchAction","target":{"@type":"EntryPoint","urlTemplate":"https:\/\/tallerfloral.com.co\/?s={search_term_string}"},"query-input":{"@type":"PropertyValueSpecification","valueRequired":true,"valueName":"search_term_string"}}],"inLanguage":"es-CO"},{"@type":"Organization","@id":"https:\/\/tallerfloral.com.co\/#organization","name":"Taller floral","url":"https:\/\/tallerfloral.com.co\/","logo":{"@type":"ImageObject","inLanguage":"es-CO","@id":"https:\/\/tallerfloral.com.co\/#\/schema\/logo\/image\/","url":"https:\/\/tallerfloral.com.co\/wp-content\/uploads\/2024\/01\/logo-taller-floral.jpeg","contentUrl":"https:\/\/tallerfloral.com.co\/wp-content\/uploads\/2024\/01\/logo-taller-floral.jpeg","width":502,"height":550,"caption":"Taller floral"},"image":{"@id":"https:\/\/tallerfloral.com.co\/#\/schema\/logo\/image\/"}}]}},"jetpack_sharing_enabled":true,"_links":{"self":[{"href":"https:\/\/tallerfloral.com.co\/index.php?rest_route=\/wp\/v2\/product\/373","targetHints":{"allow":["GET"]}}],"collection":[{"href":"https:\/\/tallerfloral.com.co\/index.php?rest_route=\/wp\/v2\/product"}],"about":[{"href":"https:\/\/tallerfloral.com.co\/index.php?rest_route=\/wp\/v2\/types\/product"}],"replies":[{"embeddable":true,"href":"https:\/\/tallerfloral.com.co\/index.php?rest_route=%2Fwp%2Fv2%2Fcomments&post=373"}],"wp:featuredmedia":[{"embeddable":true,"href":"https:\/\/tallerfloral.com.co\/index.php?rest_route=\/wp\/v2\/media\/1084"}],"wp:attachment":[{"href":"https:\/\/tallerfloral.com.co\/index.php?rest_route=%2Fwp%2Fv2%2Fmedia&parent=373"}],"wp:term":[{"taxonomy":"product_brand","embeddable":true,"href":"https:\/\/tallerfloral.com.co\/index.php?rest_route=%2Fwp%2Fv2%2Fproduct_brand&post=373"},{"taxonomy":"product_cat","embeddable":true,"href":"https:\/\/tallerfloral.com.co\/index.php?rest_route=%2Fwp%2Fv2%2Fproduct_cat&post=373"},{"taxonomy":"product_tag","embeddable":true,"href":"https:\/\/tallerfloral.com.co\/index.php?rest_route=%2Fwp%2Fv2%2Fproduct_tag&post=373"}],"curies":[{"name":"wp","href":"https:\/\/api.w.org\/{rel}","templated":true}]}}