{"id":1552,"date":"2026-01-26T19:40:54","date_gmt":"2026-01-26T19:40:54","guid":{"rendered":"https:\/\/tallerfloral.com.co\/?post_type=product&#038;p=1552"},"modified":"2026-01-26T19:40:54","modified_gmt":"2026-01-26T19:40:54","slug":"caja-floral-caricia-rosada","status":"publish","type":"product","link":"https:\/\/tallerfloral.com.co\/?product=caja-floral-caricia-rosada","title":{"rendered":"Caja Floral \u201cCaricia Rosada\u201d"},"content":{"rendered":"<p data-start=\"251\" data-end=\"580\">Una caricia suave hecha flores.<br data-start=\"282\" data-end=\"285\" \/>Esta delicada caja floral re\u00fane rosas en tonos rosados, claveles llenos de textura y peque\u00f1as flores que aportan luz y frescura. Cada elemento est\u00e1 cuidadosamente dispuesto para crear una composici\u00f3n armoniosa, rom\u00e1ntica y elegante, envuelta en una caja rosada que realza la ternura del arreglo.<\/p>\n<p data-start=\"582\" data-end=\"768\">Es un detalle que transmite amor, dulzura y cercan\u00eda. Perfecto para celebrar momentos especiales, agradecer desde el coraz\u00f3n o sorprender con un gesto lleno de sensibilidad y buen gusto.<\/p>\n","protected":false},"excerpt":{"rendered":"<p data-start=\"251\" data-end=\"580\">Una caricia suave hecha flores.<br data-start=\"282\" data-end=\"285\" \/>Esta delicada caja floral re\u00fane rosas en tonos rosados, claveles llenos de textura y peque\u00f1as flores que aportan luz y frescura. Cada elemento est\u00e1 cuidadosamente dispuesto para crear una composici\u00f3n armoniosa, rom\u00e1ntica y elegante, envuelta en una caja rosada que realza la ternura del arreglo.<\/p>\n<p data-start=\"582\" data-end=\"768\">Es un detalle que transmite amor, dulzura y cercan\u00eda. Perfecto para celebrar momentos especiales, agradecer desde el coraz\u00f3n o sorprender con un gesto lleno de sensibilidad y buen gusto.<\/p>\n","protected":false},"featured_media":1553,"comment_status":"open","ping_status":"closed","template":"","meta":[],"product_brand":[],"product_cat":[28],"product_tag":[],"class_list":{"0":"post-1552","1":"product","2":"type-product","3":"status-publish","4":"has-post-thumbnail","6":"product_cat-cajasflores","8":"first","9":"instock","10":"sale","11":"taxable","12":"shipping-taxable","13":"purchasable","14":"product-type-simple"},"yoast_head":"<!-- This site is optimized with the Yoast SEO plugin v27.3 - https:\/\/yoast.com\/product\/yoast-seo-wordpress\/ -->\n<title>Caja Floral \u201cCaricia Rosada\u201d - Taller floral<\/title>\n<meta name=\"description\" content=\"Una caricia suave hecha flores.Esta delicada caja floral re\u00fane rosas en tonos rosados, claveles llenos de textura y peque\u00f1as flores que aportan luz y frescura. Cada elemento est\u00e1 cuidadosamente dispuesto para crear una composici\u00f3n armoniosa, rom\u00e1ntica y elegante, envuelta en una caja rosada que realza la ternura del arreglo.Es un detalle que transmite amor, dulzura y cercan\u00eda. Perfecto para celebrar momentos especiales, agradecer desde el coraz\u00f3n o sorprender con un gesto lleno de sensibilidad y buen gusto.\" \/>\n<meta name=\"robots\" content=\"index, follow, max-snippet:-1, max-image-preview:large, max-video-preview:-1\" \/>\n<link rel=\"canonical\" href=\"https:\/\/tallerfloral.com.co\/?product=caja-floral-caricia-rosada\" \/>\n<meta property=\"og:locale\" content=\"es_ES\" \/>\n<meta property=\"og:type\" content=\"article\" \/>\n<meta property=\"og:title\" content=\"Caja Floral \u201cCaricia Rosada\u201d - Taller floral\" \/>\n<meta property=\"og:description\" content=\"Una caricia suave hecha flores.Esta delicada caja floral re\u00fane rosas en tonos rosados, claveles llenos de textura y peque\u00f1as flores que aportan luz y frescura. Cada elemento est\u00e1 cuidadosamente dispuesto para crear una composici\u00f3n armoniosa, rom\u00e1ntica y elegante, envuelta en una caja rosada que realza la ternura del arreglo.Es un detalle que transmite amor, dulzura y cercan\u00eda. Perfecto para celebrar momentos especiales, agradecer desde el coraz\u00f3n o sorprender con un gesto lleno de sensibilidad y buen gusto.\" \/>\n<meta property=\"og:url\" content=\"https:\/\/tallerfloral.com.co\/?product=caja-floral-caricia-rosada\" \/>\n<meta property=\"og:site_name\" content=\"Taller floral\" \/>\n<meta property=\"og:image\" content=\"https:\/\/tallerfloral.com.co\/wp-content\/uploads\/2026\/01\/WhatsApp-Image-2025-10-13-at-10.10.05-AM.jpeg\" \/>\n\t<meta property=\"og:image:width\" content=\"736\" \/>\n\t<meta property=\"og:image:height\" content=\"736\" \/>\n\t<meta property=\"og:image:type\" content=\"image\/jpeg\" \/>\n<meta name=\"twitter:card\" content=\"summary_large_image\" \/>\n<meta name=\"twitter:label1\" content=\"Tiempo de lectura\" \/>\n\t<meta name=\"twitter:data1\" content=\"1 minuto\" \/>\n<script type=\"application\/ld+json\" class=\"yoast-schema-graph\">{\"@context\":\"https:\\\/\\\/schema.org\",\"@graph\":[{\"@type\":\"WebPage\",\"@id\":\"https:\\\/\\\/tallerfloral.com.co\\\/?product=caja-floral-caricia-rosada\",\"url\":\"https:\\\/\\\/tallerfloral.com.co\\\/?product=caja-floral-caricia-rosada\",\"name\":\"Caja Floral \u201cCaricia Rosada\u201d - Taller floral\",\"isPartOf\":{\"@id\":\"https:\\\/\\\/tallerfloral.com.co\\\/#website\"},\"primaryImageOfPage\":{\"@id\":\"https:\\\/\\\/tallerfloral.com.co\\\/?product=caja-floral-caricia-rosada#primaryimage\"},\"image\":{\"@id\":\"https:\\\/\\\/tallerfloral.com.co\\\/?product=caja-floral-caricia-rosada#primaryimage\"},\"thumbnailUrl\":\"https:\\\/\\\/tallerfloral.com.co\\\/wp-content\\\/uploads\\\/2026\\\/01\\\/WhatsApp-Image-2025-10-13-at-10.10.05-AM.jpeg\",\"datePublished\":\"2026-01-26T19:40:54+00:00\",\"description\":\"Una caricia suave hecha flores.Esta delicada caja floral re\u00fane rosas en tonos rosados, claveles llenos de textura y peque\u00f1as flores que aportan luz y frescura. Cada elemento est\u00e1 cuidadosamente dispuesto para crear una composici\u00f3n armoniosa, rom\u00e1ntica y elegante, envuelta en una caja rosada que realza la ternura del arreglo.Es un detalle que transmite amor, dulzura y cercan\u00eda. Perfecto para celebrar momentos especiales, agradecer desde el coraz\u00f3n o sorprender con un gesto lleno de sensibilidad y buen gusto.\",\"breadcrumb\":{\"@id\":\"https:\\\/\\\/tallerfloral.com.co\\\/?product=caja-floral-caricia-rosada#breadcrumb\"},\"inLanguage\":\"es-CO\",\"potentialAction\":[{\"@type\":\"ReadAction\",\"target\":[\"https:\\\/\\\/tallerfloral.com.co\\\/?product=caja-floral-caricia-rosada\"]}]},{\"@type\":\"ImageObject\",\"inLanguage\":\"es-CO\",\"@id\":\"https:\\\/\\\/tallerfloral.com.co\\\/?product=caja-floral-caricia-rosada#primaryimage\",\"url\":\"https:\\\/\\\/tallerfloral.com.co\\\/wp-content\\\/uploads\\\/2026\\\/01\\\/WhatsApp-Image-2025-10-13-at-10.10.05-AM.jpeg\",\"contentUrl\":\"https:\\\/\\\/tallerfloral.com.co\\\/wp-content\\\/uploads\\\/2026\\\/01\\\/WhatsApp-Image-2025-10-13-at-10.10.05-AM.jpeg\",\"width\":736,\"height\":736},{\"@type\":\"BreadcrumbList\",\"@id\":\"https:\\\/\\\/tallerfloral.com.co\\\/?product=caja-floral-caricia-rosada#breadcrumb\",\"itemListElement\":[{\"@type\":\"ListItem\",\"position\":1,\"name\":\"Inicio\",\"item\":\"https:\\\/\\\/tallerfloral.com.co\\\/\"},{\"@type\":\"ListItem\",\"position\":2,\"name\":\"Shop\",\"item\":\"https:\\\/\\\/tallerfloral.com.co\\\/?page_id=59\"},{\"@type\":\"ListItem\",\"position\":3,\"name\":\"Caja Floral \u201cCaricia Rosada\u201d\"}]},{\"@type\":\"WebSite\",\"@id\":\"https:\\\/\\\/tallerfloral.com.co\\\/#website\",\"url\":\"https:\\\/\\\/tallerfloral.com.co\\\/\",\"name\":\"Taller floral\",\"description\":\"\",\"publisher\":{\"@id\":\"https:\\\/\\\/tallerfloral.com.co\\\/#organization\"},\"potentialAction\":[{\"@type\":\"SearchAction\",\"target\":{\"@type\":\"EntryPoint\",\"urlTemplate\":\"https:\\\/\\\/tallerfloral.com.co\\\/?s={search_term_string}\"},\"query-input\":{\"@type\":\"PropertyValueSpecification\",\"valueRequired\":true,\"valueName\":\"search_term_string\"}}],\"inLanguage\":\"es-CO\"},{\"@type\":\"Organization\",\"@id\":\"https:\\\/\\\/tallerfloral.com.co\\\/#organization\",\"name\":\"Taller floral\",\"url\":\"https:\\\/\\\/tallerfloral.com.co\\\/\",\"logo\":{\"@type\":\"ImageObject\",\"inLanguage\":\"es-CO\",\"@id\":\"https:\\\/\\\/tallerfloral.com.co\\\/#\\\/schema\\\/logo\\\/image\\\/\",\"url\":\"https:\\\/\\\/tallerfloral.com.co\\\/wp-content\\\/uploads\\\/2024\\\/01\\\/logo-taller-floral.jpeg\",\"contentUrl\":\"https:\\\/\\\/tallerfloral.com.co\\\/wp-content\\\/uploads\\\/2024\\\/01\\\/logo-taller-floral.jpeg\",\"width\":502,\"height\":550,\"caption\":\"Taller floral\"},\"image\":{\"@id\":\"https:\\\/\\\/tallerfloral.com.co\\\/#\\\/schema\\\/logo\\\/image\\\/\"}}]}<\/script>\n<!-- \/ Yoast SEO plugin. -->","yoast_head_json":{"title":"Caja Floral \u201cCaricia Rosada\u201d - Taller floral","description":"Una caricia suave hecha flores.Esta delicada caja floral re\u00fane rosas en tonos rosados, claveles llenos de textura y peque\u00f1as flores que aportan luz y frescura. Cada elemento est\u00e1 cuidadosamente dispuesto para crear una composici\u00f3n armoniosa, rom\u00e1ntica y elegante, envuelta en una caja rosada que realza la ternura del arreglo.Es un detalle que transmite amor, dulzura y cercan\u00eda. Perfecto para celebrar momentos especiales, agradecer desde el coraz\u00f3n o sorprender con un gesto lleno de sensibilidad y buen gusto.","robots":{"index":"index","follow":"follow","max-snippet":"max-snippet:-1","max-image-preview":"max-image-preview:large","max-video-preview":"max-video-preview:-1"},"canonical":"https:\/\/tallerfloral.com.co\/?product=caja-floral-caricia-rosada","og_locale":"es_ES","og_type":"article","og_title":"Caja Floral \u201cCaricia Rosada\u201d - Taller floral","og_description":"Una caricia suave hecha flores.Esta delicada caja floral re\u00fane rosas en tonos rosados, claveles llenos de textura y peque\u00f1as flores que aportan luz y frescura. Cada elemento est\u00e1 cuidadosamente dispuesto para crear una composici\u00f3n armoniosa, rom\u00e1ntica y elegante, envuelta en una caja rosada que realza la ternura del arreglo.Es un detalle que transmite amor, dulzura y cercan\u00eda. Perfecto para celebrar momentos especiales, agradecer desde el coraz\u00f3n o sorprender con un gesto lleno de sensibilidad y buen gusto.","og_url":"https:\/\/tallerfloral.com.co\/?product=caja-floral-caricia-rosada","og_site_name":"Taller floral","og_image":[{"width":736,"height":736,"url":"https:\/\/tallerfloral.com.co\/wp-content\/uploads\/2026\/01\/WhatsApp-Image-2025-10-13-at-10.10.05-AM.jpeg","type":"image\/jpeg"}],"twitter_card":"summary_large_image","twitter_misc":{"Tiempo de lectura":"1 minuto"},"schema":{"@context":"https:\/\/schema.org","@graph":[{"@type":"WebPage","@id":"https:\/\/tallerfloral.com.co\/?product=caja-floral-caricia-rosada","url":"https:\/\/tallerfloral.com.co\/?product=caja-floral-caricia-rosada","name":"Caja Floral \u201cCaricia Rosada\u201d - Taller floral","isPartOf":{"@id":"https:\/\/tallerfloral.com.co\/#website"},"primaryImageOfPage":{"@id":"https:\/\/tallerfloral.com.co\/?product=caja-floral-caricia-rosada#primaryimage"},"image":{"@id":"https:\/\/tallerfloral.com.co\/?product=caja-floral-caricia-rosada#primaryimage"},"thumbnailUrl":"https:\/\/tallerfloral.com.co\/wp-content\/uploads\/2026\/01\/WhatsApp-Image-2025-10-13-at-10.10.05-AM.jpeg","datePublished":"2026-01-26T19:40:54+00:00","description":"Una caricia suave hecha flores.Esta delicada caja floral re\u00fane rosas en tonos rosados, claveles llenos de textura y peque\u00f1as flores que aportan luz y frescura. Cada elemento est\u00e1 cuidadosamente dispuesto para crear una composici\u00f3n armoniosa, rom\u00e1ntica y elegante, envuelta en una caja rosada que realza la ternura del arreglo.Es un detalle que transmite amor, dulzura y cercan\u00eda. Perfecto para celebrar momentos especiales, agradecer desde el coraz\u00f3n o sorprender con un gesto lleno de sensibilidad y buen gusto.","breadcrumb":{"@id":"https:\/\/tallerfloral.com.co\/?product=caja-floral-caricia-rosada#breadcrumb"},"inLanguage":"es-CO","potentialAction":[{"@type":"ReadAction","target":["https:\/\/tallerfloral.com.co\/?product=caja-floral-caricia-rosada"]}]},{"@type":"ImageObject","inLanguage":"es-CO","@id":"https:\/\/tallerfloral.com.co\/?product=caja-floral-caricia-rosada#primaryimage","url":"https:\/\/tallerfloral.com.co\/wp-content\/uploads\/2026\/01\/WhatsApp-Image-2025-10-13-at-10.10.05-AM.jpeg","contentUrl":"https:\/\/tallerfloral.com.co\/wp-content\/uploads\/2026\/01\/WhatsApp-Image-2025-10-13-at-10.10.05-AM.jpeg","width":736,"height":736},{"@type":"BreadcrumbList","@id":"https:\/\/tallerfloral.com.co\/?product=caja-floral-caricia-rosada#breadcrumb","itemListElement":[{"@type":"ListItem","position":1,"name":"Inicio","item":"https:\/\/tallerfloral.com.co\/"},{"@type":"ListItem","position":2,"name":"Shop","item":"https:\/\/tallerfloral.com.co\/?page_id=59"},{"@type":"ListItem","position":3,"name":"Caja Floral \u201cCaricia Rosada\u201d"}]},{"@type":"WebSite","@id":"https:\/\/tallerfloral.com.co\/#website","url":"https:\/\/tallerfloral.com.co\/","name":"Taller floral","description":"","publisher":{"@id":"https:\/\/tallerfloral.com.co\/#organization"},"potentialAction":[{"@type":"SearchAction","target":{"@type":"EntryPoint","urlTemplate":"https:\/\/tallerfloral.com.co\/?s={search_term_string}"},"query-input":{"@type":"PropertyValueSpecification","valueRequired":true,"valueName":"search_term_string"}}],"inLanguage":"es-CO"},{"@type":"Organization","@id":"https:\/\/tallerfloral.com.co\/#organization","name":"Taller floral","url":"https:\/\/tallerfloral.com.co\/","logo":{"@type":"ImageObject","inLanguage":"es-CO","@id":"https:\/\/tallerfloral.com.co\/#\/schema\/logo\/image\/","url":"https:\/\/tallerfloral.com.co\/wp-content\/uploads\/2024\/01\/logo-taller-floral.jpeg","contentUrl":"https:\/\/tallerfloral.com.co\/wp-content\/uploads\/2024\/01\/logo-taller-floral.jpeg","width":502,"height":550,"caption":"Taller floral"},"image":{"@id":"https:\/\/tallerfloral.com.co\/#\/schema\/logo\/image\/"}}]}},"jetpack_sharing_enabled":true,"_links":{"self":[{"href":"https:\/\/tallerfloral.com.co\/index.php?rest_route=\/wp\/v2\/product\/1552","targetHints":{"allow":["GET"]}}],"collection":[{"href":"https:\/\/tallerfloral.com.co\/index.php?rest_route=\/wp\/v2\/product"}],"about":[{"href":"https:\/\/tallerfloral.com.co\/index.php?rest_route=\/wp\/v2\/types\/product"}],"replies":[{"embeddable":true,"href":"https:\/\/tallerfloral.com.co\/index.php?rest_route=%2Fwp%2Fv2%2Fcomments&post=1552"}],"wp:featuredmedia":[{"embeddable":true,"href":"https:\/\/tallerfloral.com.co\/index.php?rest_route=\/wp\/v2\/media\/1553"}],"wp:attachment":[{"href":"https:\/\/tallerfloral.com.co\/index.php?rest_route=%2Fwp%2Fv2%2Fmedia&parent=1552"}],"wp:term":[{"taxonomy":"product_brand","embeddable":true,"href":"https:\/\/tallerfloral.com.co\/index.php?rest_route=%2Fwp%2Fv2%2Fproduct_brand&post=1552"},{"taxonomy":"product_cat","embeddable":true,"href":"https:\/\/tallerfloral.com.co\/index.php?rest_route=%2Fwp%2Fv2%2Fproduct_cat&post=1552"},{"taxonomy":"product_tag","embeddable":true,"href":"https:\/\/tallerfloral.com.co\/index.php?rest_route=%2Fwp%2Fv2%2Fproduct_tag&post=1552"}],"curies":[{"name":"wp","href":"https:\/\/api.w.org\/{rel}","templated":true}]}}