{"id":1002,"date":"2024-01-08T20:34:42","date_gmt":"2024-01-08T20:34:42","guid":{"rendered":"https:\/\/tallerfloral.com.co\/?post_type=product&#038;p=1002"},"modified":"2025-10-13T20:35:05","modified_gmt":"2025-10-13T20:35:05","slug":"diseno-floral-fucsia","status":"publish","type":"product","link":"https:\/\/tallerfloral.com.co\/?product=diseno-floral-fucsia","title":{"rendered":"dise\u00f1o en rosas fucsias"},"content":{"rendered":"<p>Vibra con la intensidad y pasi\u00f3n de nuestro exclusivo dise\u00f1o floral en tonos fucsias. Cada p\u00e9talo es una expresi\u00f3n de energ\u00eda y vitalidad, cuidadosamente dispuesto para crear una obra maestra que cautiva los sentidos. Este dise\u00f1o en rosas fucsias no solo es un regalo visual, sino un s\u00edmbolo de emoci\u00f3n y sofisticaci\u00f3n. Celebra la vida con la vibrante elegancia de nuestras rosas fucsias, donde la belleza se encuentra con la audacia en cada detalle floral.<\/p>\n","protected":false},"excerpt":{"rendered":"<p>dise\u00f1o con 24 rosas fucsias acompa\u00f1ado de follajes lirios y chamizos<\/p>\n","protected":false},"featured_media":1070,"comment_status":"open","ping_status":"closed","template":"","meta":[],"product_brand":[],"product_cat":[15],"product_tag":[],"class_list":{"0":"post-1002","1":"product","2":"type-product","3":"status-publish","4":"has-post-thumbnail","6":"product_cat-disenos-florales","8":"first","9":"instock","10":"sale","11":"taxable","12":"shipping-taxable","13":"purchasable","14":"product-type-simple"},"yoast_head":"<!-- This site is optimized with the Yoast SEO plugin v27.3 - https:\/\/yoast.com\/product\/yoast-seo-wordpress\/ -->\n<title>dise\u00f1o en rosas fucsias - Taller floral<\/title>\n<meta name=\"description\" content=\"Vibra con la intensidad y pasi\u00f3n de nuestro exclusivo dise\u00f1o floral en tonos fucsias. Cada p\u00e9talo es una expresi\u00f3n de energ\u00eda y vitalidad, cuidadosamente dispuesto para crear una obra maestra que cautiva los sentidos. Este dise\u00f1o en rosas fucsias no solo es un regalo visual, sino un s\u00edmbolo de emoci\u00f3n y sofisticaci\u00f3n. Celebra la vida con la vibrante elegancia de nuestras rosas fucsias, donde la belleza se encuentra con la audacia en cada detalle floral.\" \/>\n<meta name=\"robots\" content=\"index, follow, max-snippet:-1, max-image-preview:large, max-video-preview:-1\" \/>\n<link rel=\"canonical\" href=\"https:\/\/tallerfloral.com.co\/?product=diseno-floral-fucsia\" \/>\n<meta property=\"og:locale\" content=\"es_ES\" \/>\n<meta property=\"og:type\" content=\"article\" \/>\n<meta property=\"og:title\" content=\"dise\u00f1o en rosas fucsias - Taller floral\" \/>\n<meta property=\"og:description\" content=\"Vibra con la intensidad y pasi\u00f3n de nuestro exclusivo dise\u00f1o floral en tonos fucsias. Cada p\u00e9talo es una expresi\u00f3n de energ\u00eda y vitalidad, cuidadosamente dispuesto para crear una obra maestra que cautiva los sentidos. Este dise\u00f1o en rosas fucsias no solo es un regalo visual, sino un s\u00edmbolo de emoci\u00f3n y sofisticaci\u00f3n. Celebra la vida con la vibrante elegancia de nuestras rosas fucsias, donde la belleza se encuentra con la audacia en cada detalle floral.\" \/>\n<meta property=\"og:url\" content=\"https:\/\/tallerfloral.com.co\/?product=diseno-floral-fucsia\" \/>\n<meta property=\"og:site_name\" content=\"Taller floral\" \/>\n<meta property=\"article:modified_time\" content=\"2025-10-13T20:35:05+00:00\" \/>\n<meta property=\"og:image\" content=\"https:\/\/tallerfloral.com.co\/wp-content\/uploads\/2024\/01\/WhatsApp-Image-2024-01-12-at-10.38.53-AM.jpeg\" \/>\n\t<meta property=\"og:image:width\" content=\"720\" \/>\n\t<meta property=\"og:image:height\" content=\"1280\" \/>\n\t<meta property=\"og:image:type\" content=\"image\/jpeg\" \/>\n<meta name=\"twitter:card\" content=\"summary_large_image\" \/>\n<meta name=\"twitter:label1\" content=\"Tiempo de lectura\" \/>\n\t<meta name=\"twitter:data1\" content=\"1 minuto\" \/>\n<script type=\"application\/ld+json\" class=\"yoast-schema-graph\">{\"@context\":\"https:\\\/\\\/schema.org\",\"@graph\":[{\"@type\":\"WebPage\",\"@id\":\"https:\\\/\\\/tallerfloral.com.co\\\/?product=diseno-floral-fucsia\",\"url\":\"https:\\\/\\\/tallerfloral.com.co\\\/?product=diseno-floral-fucsia\",\"name\":\"dise\u00f1o en rosas fucsias - Taller floral\",\"isPartOf\":{\"@id\":\"https:\\\/\\\/tallerfloral.com.co\\\/#website\"},\"primaryImageOfPage\":{\"@id\":\"https:\\\/\\\/tallerfloral.com.co\\\/?product=diseno-floral-fucsia#primaryimage\"},\"image\":{\"@id\":\"https:\\\/\\\/tallerfloral.com.co\\\/?product=diseno-floral-fucsia#primaryimage\"},\"thumbnailUrl\":\"https:\\\/\\\/tallerfloral.com.co\\\/wp-content\\\/uploads\\\/2024\\\/01\\\/WhatsApp-Image-2024-01-12-at-10.38.53-AM.jpeg\",\"datePublished\":\"2024-01-08T20:34:42+00:00\",\"dateModified\":\"2025-10-13T20:35:05+00:00\",\"description\":\"Vibra con la intensidad y pasi\u00f3n de nuestro exclusivo dise\u00f1o floral en tonos fucsias. Cada p\u00e9talo es una expresi\u00f3n de energ\u00eda y vitalidad, cuidadosamente dispuesto para crear una obra maestra que cautiva los sentidos. Este dise\u00f1o en rosas fucsias no solo es un regalo visual, sino un s\u00edmbolo de emoci\u00f3n y sofisticaci\u00f3n. Celebra la vida con la vibrante elegancia de nuestras rosas fucsias, donde la belleza se encuentra con la audacia en cada detalle floral.\",\"breadcrumb\":{\"@id\":\"https:\\\/\\\/tallerfloral.com.co\\\/?product=diseno-floral-fucsia#breadcrumb\"},\"inLanguage\":\"es-CO\",\"potentialAction\":[{\"@type\":\"ReadAction\",\"target\":[\"https:\\\/\\\/tallerfloral.com.co\\\/?product=diseno-floral-fucsia\"]}]},{\"@type\":\"ImageObject\",\"inLanguage\":\"es-CO\",\"@id\":\"https:\\\/\\\/tallerfloral.com.co\\\/?product=diseno-floral-fucsia#primaryimage\",\"url\":\"https:\\\/\\\/tallerfloral.com.co\\\/wp-content\\\/uploads\\\/2024\\\/01\\\/WhatsApp-Image-2024-01-12-at-10.38.53-AM.jpeg\",\"contentUrl\":\"https:\\\/\\\/tallerfloral.com.co\\\/wp-content\\\/uploads\\\/2024\\\/01\\\/WhatsApp-Image-2024-01-12-at-10.38.53-AM.jpeg\",\"width\":720,\"height\":1280},{\"@type\":\"BreadcrumbList\",\"@id\":\"https:\\\/\\\/tallerfloral.com.co\\\/?product=diseno-floral-fucsia#breadcrumb\",\"itemListElement\":[{\"@type\":\"ListItem\",\"position\":1,\"name\":\"Inicio\",\"item\":\"https:\\\/\\\/tallerfloral.com.co\\\/\"},{\"@type\":\"ListItem\",\"position\":2,\"name\":\"Shop\",\"item\":\"https:\\\/\\\/tallerfloral.com.co\\\/?page_id=59\"},{\"@type\":\"ListItem\",\"position\":3,\"name\":\"dise\u00f1o en rosas fucsias\"}]},{\"@type\":\"WebSite\",\"@id\":\"https:\\\/\\\/tallerfloral.com.co\\\/#website\",\"url\":\"https:\\\/\\\/tallerfloral.com.co\\\/\",\"name\":\"Taller floral\",\"description\":\"\",\"publisher\":{\"@id\":\"https:\\\/\\\/tallerfloral.com.co\\\/#organization\"},\"potentialAction\":[{\"@type\":\"SearchAction\",\"target\":{\"@type\":\"EntryPoint\",\"urlTemplate\":\"https:\\\/\\\/tallerfloral.com.co\\\/?s={search_term_string}\"},\"query-input\":{\"@type\":\"PropertyValueSpecification\",\"valueRequired\":true,\"valueName\":\"search_term_string\"}}],\"inLanguage\":\"es-CO\"},{\"@type\":\"Organization\",\"@id\":\"https:\\\/\\\/tallerfloral.com.co\\\/#organization\",\"name\":\"Taller floral\",\"url\":\"https:\\\/\\\/tallerfloral.com.co\\\/\",\"logo\":{\"@type\":\"ImageObject\",\"inLanguage\":\"es-CO\",\"@id\":\"https:\\\/\\\/tallerfloral.com.co\\\/#\\\/schema\\\/logo\\\/image\\\/\",\"url\":\"https:\\\/\\\/tallerfloral.com.co\\\/wp-content\\\/uploads\\\/2024\\\/01\\\/logo-taller-floral.jpeg\",\"contentUrl\":\"https:\\\/\\\/tallerfloral.com.co\\\/wp-content\\\/uploads\\\/2024\\\/01\\\/logo-taller-floral.jpeg\",\"width\":502,\"height\":550,\"caption\":\"Taller floral\"},\"image\":{\"@id\":\"https:\\\/\\\/tallerfloral.com.co\\\/#\\\/schema\\\/logo\\\/image\\\/\"}}]}<\/script>\n<!-- \/ Yoast SEO plugin. -->","yoast_head_json":{"title":"dise\u00f1o en rosas fucsias - Taller floral","description":"Vibra con la intensidad y pasi\u00f3n de nuestro exclusivo dise\u00f1o floral en tonos fucsias. Cada p\u00e9talo es una expresi\u00f3n de energ\u00eda y vitalidad, cuidadosamente dispuesto para crear una obra maestra que cautiva los sentidos. Este dise\u00f1o en rosas fucsias no solo es un regalo visual, sino un s\u00edmbolo de emoci\u00f3n y sofisticaci\u00f3n. Celebra la vida con la vibrante elegancia de nuestras rosas fucsias, donde la belleza se encuentra con la audacia en cada detalle floral.","robots":{"index":"index","follow":"follow","max-snippet":"max-snippet:-1","max-image-preview":"max-image-preview:large","max-video-preview":"max-video-preview:-1"},"canonical":"https:\/\/tallerfloral.com.co\/?product=diseno-floral-fucsia","og_locale":"es_ES","og_type":"article","og_title":"dise\u00f1o en rosas fucsias - Taller floral","og_description":"Vibra con la intensidad y pasi\u00f3n de nuestro exclusivo dise\u00f1o floral en tonos fucsias. Cada p\u00e9talo es una expresi\u00f3n de energ\u00eda y vitalidad, cuidadosamente dispuesto para crear una obra maestra que cautiva los sentidos. Este dise\u00f1o en rosas fucsias no solo es un regalo visual, sino un s\u00edmbolo de emoci\u00f3n y sofisticaci\u00f3n. Celebra la vida con la vibrante elegancia de nuestras rosas fucsias, donde la belleza se encuentra con la audacia en cada detalle floral.","og_url":"https:\/\/tallerfloral.com.co\/?product=diseno-floral-fucsia","og_site_name":"Taller floral","article_modified_time":"2025-10-13T20:35:05+00:00","og_image":[{"width":720,"height":1280,"url":"https:\/\/tallerfloral.com.co\/wp-content\/uploads\/2024\/01\/WhatsApp-Image-2024-01-12-at-10.38.53-AM.jpeg","type":"image\/jpeg"}],"twitter_card":"summary_large_image","twitter_misc":{"Tiempo de lectura":"1 minuto"},"schema":{"@context":"https:\/\/schema.org","@graph":[{"@type":"WebPage","@id":"https:\/\/tallerfloral.com.co\/?product=diseno-floral-fucsia","url":"https:\/\/tallerfloral.com.co\/?product=diseno-floral-fucsia","name":"dise\u00f1o en rosas fucsias - Taller floral","isPartOf":{"@id":"https:\/\/tallerfloral.com.co\/#website"},"primaryImageOfPage":{"@id":"https:\/\/tallerfloral.com.co\/?product=diseno-floral-fucsia#primaryimage"},"image":{"@id":"https:\/\/tallerfloral.com.co\/?product=diseno-floral-fucsia#primaryimage"},"thumbnailUrl":"https:\/\/tallerfloral.com.co\/wp-content\/uploads\/2024\/01\/WhatsApp-Image-2024-01-12-at-10.38.53-AM.jpeg","datePublished":"2024-01-08T20:34:42+00:00","dateModified":"2025-10-13T20:35:05+00:00","description":"Vibra con la intensidad y pasi\u00f3n de nuestro exclusivo dise\u00f1o floral en tonos fucsias. Cada p\u00e9talo es una expresi\u00f3n de energ\u00eda y vitalidad, cuidadosamente dispuesto para crear una obra maestra que cautiva los sentidos. Este dise\u00f1o en rosas fucsias no solo es un regalo visual, sino un s\u00edmbolo de emoci\u00f3n y sofisticaci\u00f3n. Celebra la vida con la vibrante elegancia de nuestras rosas fucsias, donde la belleza se encuentra con la audacia en cada detalle floral.","breadcrumb":{"@id":"https:\/\/tallerfloral.com.co\/?product=diseno-floral-fucsia#breadcrumb"},"inLanguage":"es-CO","potentialAction":[{"@type":"ReadAction","target":["https:\/\/tallerfloral.com.co\/?product=diseno-floral-fucsia"]}]},{"@type":"ImageObject","inLanguage":"es-CO","@id":"https:\/\/tallerfloral.com.co\/?product=diseno-floral-fucsia#primaryimage","url":"https:\/\/tallerfloral.com.co\/wp-content\/uploads\/2024\/01\/WhatsApp-Image-2024-01-12-at-10.38.53-AM.jpeg","contentUrl":"https:\/\/tallerfloral.com.co\/wp-content\/uploads\/2024\/01\/WhatsApp-Image-2024-01-12-at-10.38.53-AM.jpeg","width":720,"height":1280},{"@type":"BreadcrumbList","@id":"https:\/\/tallerfloral.com.co\/?product=diseno-floral-fucsia#breadcrumb","itemListElement":[{"@type":"ListItem","position":1,"name":"Inicio","item":"https:\/\/tallerfloral.com.co\/"},{"@type":"ListItem","position":2,"name":"Shop","item":"https:\/\/tallerfloral.com.co\/?page_id=59"},{"@type":"ListItem","position":3,"name":"dise\u00f1o en rosas fucsias"}]},{"@type":"WebSite","@id":"https:\/\/tallerfloral.com.co\/#website","url":"https:\/\/tallerfloral.com.co\/","name":"Taller floral","description":"","publisher":{"@id":"https:\/\/tallerfloral.com.co\/#organization"},"potentialAction":[{"@type":"SearchAction","target":{"@type":"EntryPoint","urlTemplate":"https:\/\/tallerfloral.com.co\/?s={search_term_string}"},"query-input":{"@type":"PropertyValueSpecification","valueRequired":true,"valueName":"search_term_string"}}],"inLanguage":"es-CO"},{"@type":"Organization","@id":"https:\/\/tallerfloral.com.co\/#organization","name":"Taller floral","url":"https:\/\/tallerfloral.com.co\/","logo":{"@type":"ImageObject","inLanguage":"es-CO","@id":"https:\/\/tallerfloral.com.co\/#\/schema\/logo\/image\/","url":"https:\/\/tallerfloral.com.co\/wp-content\/uploads\/2024\/01\/logo-taller-floral.jpeg","contentUrl":"https:\/\/tallerfloral.com.co\/wp-content\/uploads\/2024\/01\/logo-taller-floral.jpeg","width":502,"height":550,"caption":"Taller floral"},"image":{"@id":"https:\/\/tallerfloral.com.co\/#\/schema\/logo\/image\/"}}]}},"jetpack_sharing_enabled":true,"_links":{"self":[{"href":"https:\/\/tallerfloral.com.co\/index.php?rest_route=\/wp\/v2\/product\/1002","targetHints":{"allow":["GET"]}}],"collection":[{"href":"https:\/\/tallerfloral.com.co\/index.php?rest_route=\/wp\/v2\/product"}],"about":[{"href":"https:\/\/tallerfloral.com.co\/index.php?rest_route=\/wp\/v2\/types\/product"}],"replies":[{"embeddable":true,"href":"https:\/\/tallerfloral.com.co\/index.php?rest_route=%2Fwp%2Fv2%2Fcomments&post=1002"}],"wp:featuredmedia":[{"embeddable":true,"href":"https:\/\/tallerfloral.com.co\/index.php?rest_route=\/wp\/v2\/media\/1070"}],"wp:attachment":[{"href":"https:\/\/tallerfloral.com.co\/index.php?rest_route=%2Fwp%2Fv2%2Fmedia&parent=1002"}],"wp:term":[{"taxonomy":"product_brand","embeddable":true,"href":"https:\/\/tallerfloral.com.co\/index.php?rest_route=%2Fwp%2Fv2%2Fproduct_brand&post=1002"},{"taxonomy":"product_cat","embeddable":true,"href":"https:\/\/tallerfloral.com.co\/index.php?rest_route=%2Fwp%2Fv2%2Fproduct_cat&post=1002"},{"taxonomy":"product_tag","embeddable":true,"href":"https:\/\/tallerfloral.com.co\/index.php?rest_route=%2Fwp%2Fv2%2Fproduct_tag&post=1002"}],"curies":[{"name":"wp","href":"https:\/\/api.w.org\/{rel}","templated":true}]}}